 - m, -k = -3*m - 24. What is the units digit of k?
9
Suppose 0 = -o + 11 + 9. Let v = 67 - o. What is the tens digit of v?
4
What is the units digit of (-42)/(-6) + -3 + 3?
7
Let p(n) = n + 33. What is the tens digit of p(-12)?
2
What is the hundreds digit of 1/(0 - 1/(-3)) - -162?
1
Suppose 10 = -0*s - 2*s. What is the units digit of (s*6)/(-6 + 4)?
5
Let h(u) = -u**2 - 1. Let r(a) = -a**3 + 2*a**2 + a - 4. Let i(z) = h(z) - r(z). Let n be i(3). Suppose 5*q - 25 = -n*q. What is the units digit of q?
5
Suppose v - 2*v + 48 = 0. What is the tens digit of v?
4
Let i(s) = -s**2 + 20*s - 31. What is the tens digit of i(16)?
3
Let b(f) be the third derivative of -1/24*f**4 + 0 + 3/2*f**3 + 1/60*f**5 - f**2 + 0*f. What is the units digit of b(0)?
9
Let x be (-18)/(-4)*(-10)/3. What is the units digit of ((-36)/x)/(3/10)?
8
Let a(v) = -v**2 - 6*v - 4. Let w be a(-4). Suppose -2*j + 11 = -j - 4*y, -w = 2*y. Suppose -2*b = j*m - 2, -4*m - b + 3*b = -12. What is the units digit of m?
2
Suppose s - 5*v + 530 = 6*s, -s + 3*v = -86. What is the units digit of s?
1
Let b(k) = -2 + 5 + 5*k + 4. Let h(c) = 6*c + 8. Let g(x) = 7*b(x) - 6*h(x). What is the units digit of g(-1)?
2
Let w = -81 + 182. What is the tens digit of w?
0
What is the units digit of 271/5 + ((-6)/(-5))/(-6)?
4
Suppose 0 = -3*a + 24 + 171. What is the tens digit of a?
6
Suppose 4*q + 60 = 12. Let u = q + 19. What is the units digit of u?
7
Suppose 0 = -5*f - 5*n - 110, f - n = -2*f - 70. Let x = f - -51. What is the tens digit of x?
2
Suppose 5*b = -4*h - 9, -h + 6*h + 45 = 5*b. What is the units digit of h/5*(-40)/6?
8
Let r be -3*((-6)/(-2))/(-3). Suppose 5*j - 4 = r*j. What is the units digit of j?
2
Suppose 0 = -4*f + 69 + 55. What is the units digit of f?
1
Let g be 2*-2 - (1 - -1). Let u(z) = -2*z - 9. Let v be u(g). Suppose -3*n = 4*q - 37, -40 = 3*n - 7*n - v*q. What is the units digit of n?
7
Let n = -66 - -41. Let a = 36 + n. What is the units digit of a?
1
Let j(u) = -11*u + 1 + 3 + 4*u. Let o be j(-5). Suppose -o = -3*p - 3*n, 2*p - 3*n = n + 14. What is the units digit of p?
1
Let y be (-3)/6*6 + -5. Suppose 3*l + r - 3*r = 40, 5*r = -2*l + 52. Let x = l + y. What is the units digit of x?
8
Suppose 3*o - 90 = 27. What is the units digit of o?
9
Suppose 0 = -s + 1 + 1. Suppose -10 = -5*b, -3*b = -3*w - 7*b + 8. What is the units digit of w + 9 + (4 - s)?
1
Suppose 0 = -2*m + 51 - 3. What is the units digit of m?
4
Let a(s) be the second derivative of 0 + s - 1/6*s**3 - 1/2*s**2. What is the units digit of a(-8)?
7
Suppose -12*q + 3156 = -0*q. What is the hundreds digit of q?
2
Let p(t) = t**2 - 2*t - 10. What is the units digit of p(14)?
8
Let c be 8/(-1)*-1 + -3. Suppose -3*n + c*w + 0 + 69 = 0, -4*n + 109 = -w. What is the units digit of n?
8
Let t(n) = n**3 - 6*n**2 + n - 4. Suppose -x + 5*g + 31 = -0*x, -5*x + 3*g = -45. What is the units digit of t(x)?
2
Let t = -86 - -6. Let y be t/(-14) + (-2)/(-7). What is the tens digit of ((-51)/9)/((-2)/y)?
1
Suppose -5*a = y - 154 - 166, 3*a = -3*y + 204. What is the units digit of a?
3
What is the tens digit of 108 + (0 - (-2 - -1))?
0
Suppose -3*r + g = -135, -2*g + 45 = r + 2*g. What is the tens digit of r?
4
Let r(j) = -5. Let q(c) = c. Let f be q(-1). Let y(v) = -v. Let t(a) = f*y(a) - r(a). What is the units digit of t(4)?
9
Let p(h) = -1 + 5 + 2*h - 2*h**2 + 4*h + h**2. Let n be p(9). Let z = -13 - n. What is the tens digit of z?
1
Let x = 2 - 3. Let z be x/((-3)/24) + 0. Let d(r) = -r**3 + 8*r**2 - r + 10. What is the units digit of d(z)?
2
Let o = 47 + -20. What is the units digit of o?
7
Suppose 12 = -4*n, 2*n = -3*l + 3*n + 45. Suppose -h + 14 = -0*h - 3*w, w = 5*h - l. What is the units digit of h?
2
Suppose d + d = 8. Suppose l = 3*p - 4, -5*l - d*p = -3*p - 12. Suppose 4*f - 2*y = 36, 3*f + 0*y + l*y = 20. What is the units digit of f?
8
Suppose 5*o - 125 = -30. Suppose 4*b - 127 = -o. Suppose 0 = -6*w + 3*w + b. What is the units digit of w?
9
Let y = -166 + 400. What is the units digit of y?
4
Let o(a) = -2*a - 1. Let p be o(-2). Suppose p*x + 5*h = 5 + 12, -5*x + 3*h + 17 = 0. Suppose 22 = 3*l + x. What is the units digit of l?
6
Let p = 32 + -9. What is the tens digit of p?
2
Let k(q) = 9*q**3 + 2*q - 1. Let x(c) = -2*c + 1. Let d be x(-2). Suppose 5*p + d*a = 20, 0 = a - 3. What is the tens digit of k(p)?
1
Let f(b) = -b**2 - 2*b**3 + 3*b + 3*b**3 - 3*b**3. Let v be f(-3). Suppose 2*y = v + 2. What is the tens digit of y?
1
Let z(u) = 8*u**2 - u. Let c be z(1). Let x(f) = f**2 - 5*f - 3. What is the units digit of x(c)?
1
Suppose 5*f + 5*x - 75 = 0, -4*f = 2*x - 3 - 49. What is the tens digit of f?
1
Let l(i) = -i**3 + 3*i**2 + 5*i + 2. Let v be l(5). What is the units digit of 6/(-3)*v/2?
3
Suppose 2*r = 3*h + 18, -4*h = 5*r - 0*r + 1. Suppose -i - 4 = -r*i. Let b = 3 - i. What is the units digit of b?
1
Let q be 5/(-1) - 3*-1. Let z(f) = 3*f**2 - f - 2. Let s be z(q). Suppose -4*p + s = -0. What is the units digit of p?
3
Let n(p) be the first derivative of 7/2*p**2 + 3*p - 1/4*p**4 + 3 - p**3. What is the tens digit of n(-5)?
1
Let g = -13 - 12. Let o = -13 - g. What is the tens digit of o?
1
Suppose 0 = 2*p + j + 35, j = -p - 13 - 7. Let a = -46 + 25. Let n = p - a. What is the units digit of n?
6
Suppose -2*j = -3*l + 5*l - 12, -4*j + 5*l + 15 = 0. Let p(o) = -o**3 + 6*o**2 - 4*o + 5. What is the tens digit of p(j)?
1
Let y = -34 + 17. Let m = 13 + -22. Let l = m - y. What is the units digit of l?
8
Let p be 128/1 - (-4 - -4). Suppose -5*a - 13 = -p. What is the units digit of a?
3
Let s = -18 - -59. What is the units digit of s?
1
Let t = 24 + 72. What is the tens digit of t?
9
What is the units digit of 1/3 - 3447/(-27)?
8
What is the units digit of 87*((-12)/(-15))/((-30)/(-25))?
8
Let d = -239 - -166. Let m = -32 - d. What is the units digit of m?
1
Let f(s) = 8*s. Let j be f(1). Suppose 0 = 3*x - 0*w + w - 55, -4*w - j = 0. What is the tens digit of x?
1
Let p = -50 + 76. Let x = -10 + p. What is the units digit of x?
6
Let f = 0 - 2. What is the units digit of (3/f)/(9/(-204))?
4
What is the units digit of (2/(-3))/((-10)/540)?
6
Suppose 2 = 2*s - 64. What is the tens digit of s?
3
Let d be 1 - (4 + 3/(-1)). Let l = 0 - d. Suppose l = 5*u, -2*k = u - 23 + 5. What is the units digit of k?
9
Let q = 58 - 29. Suppose q - 139 = -5*s. What is the tens digit of s?
2
Suppose -5*z - 15 = 0, 5*z = 4*b + z + 16. Let l = 11 + b. Suppose 6 = l*g - g. What is the units digit of g?
2
Let c be (57/9 + -1)*3. Suppose -5*b - 4 - 1 = -3*v, 3 = v - 3*b. Suppose c = 4*n - v*n. What is the units digit of n?
4
Let f(c) = -c**3 - c**2 + 6. Suppose -2*k + 0 + 6 = 0. Suppose -k*o - 2*o = 0. What is the units digit of f(o)?
6
Let x(w) be the first derivative of -5*w + 5/3*w**3 + 1/4*w**4 - 2 + w**2. What is the units digit of x(-4)?
3
Let k(z) = z**3 - 4*z**2 - 5*z + 4. Let g be k(5). Suppose g*d - 44 = -0*d. What is the tens digit of d?
1
Let o = -184 + 313. What is the hundreds digit of o?
1
Let j be 1/(-2) + (-81)/(-6). Let r = 17 - j. What is the units digit of r?
4
Let p(b) be the first derivative of -b**3/3 - 13*b**2/2 - b + 2. What is the tens digit of p(-11)?
2
Let a(i) be the third derivative of 7*i**4/24 - i**3 - 4*i**2. What is the units digit of a(3)?
5
Let a(j) = j**3 + 8*j**2 + 9*j + 8. Let s be a(-7). Let y(l) = -6*l - 3*l**3 + 0*l**2 + 4 + 2 + 5*l**2 + 4*l**3. What is the units digit of y(s)?
6
Let u = 417 + -247. Suppose -10*w = -5*w - u. What is the units digit of w?
4
Suppose 22 = -b - 1. Let v = -13 - b. What is the tens digit of v?
1
Let n = 6 - 0. Suppose n*a + 16 = 2*a. What is the units digit of (1/3)/(a/(-24))?
2
Suppose -4 = -5*x + 11. Let n(s) = -5 + 1 + s**x + 6*s**2 + 1 + s. What is the tens digit of n(-3)?
2
Let s = 70 - 73. Suppose -g + 3*q - 10 = q, -2*q + 10 = 5*g. What is the tens digit of s/(g + 1) + 19?
1
Suppose 233 = 4*y - j, 3*y - j + 17 = 192. What is the tens digit of y?
5
Let b = -296 - -472. What is the units digit of b?
6
Suppose -2*g + g = 0. Suppose -5*d + 0*r - r + 29 = 0, g = r - 4. Suppose -w - 2*v = -8, 3*v - 2*v = -d*w + 31. What is the units digit of w?
6
Suppose g - 2*p = -6*p + 15, -4*p - 27 = -5*g. What is the units digit of g?
7
Suppose -12 = v - 69. What is the units